5*d. Suppose d = c + c - 24. What are the prime factors of c?
2, 3
Suppose 3*q = -2*q + 180. What are the prime factors of q?
2, 3
Suppose 368 = -0*a + 4*a. List the prime factors of a.
2, 23
Let x(n) = -2*n - 2. Suppose -3*t + 2*i = -0*t + 14, 0 = 4*t - 3*i + 19. List the prime factors of x(t).
2, 3
Let l = 107 - 33. List the prime factors of l.
2, 37
Let s = 0 + -2. What are the prime factors of (3/s)/((-2)/20)?
3, 5
Let y(j) = -3*j - 5. Let f be 1/(-2) - 22/4. List the prime factors of y(f).
13
Suppose -3 = 3*x - 9. Suppose -2*q - x*q - 120 = 0. What are the prime factors of (-4)/(-16) + q/(-8)?
2
Let k(d) = -10*d**3 + 3*d**2 + 6*d + 3. List the prime factors of k(-2).
83
Suppose -2765 = -6*g - 305. What are the prime factors of g?
2, 5, 41
Let c(y) = 43*y**3 + y**2 - 3*y - 2. What are the prime factors of c(2)?
2, 5, 17
Suppose 2*h - 610 = -3*f, -7*f - 2*h + 1022 = -2*f. Suppose 5*c - f = 2*r, -c - 3*c + 172 = 2*r. List the prime factors of c.
2, 3, 7
Suppose 13*p + 36 = 15*p. What are the prime factors of p?
2, 3
List the prime factors of 8/3*(18 + 60).
2, 13
Suppose 4*q - 8*q = -224. Suppose q = -m - m. List the prime factors of 153/21 - (-8)/m.
7
Let m = 289 - 94. What are the prime factors of m?
3, 5, 13
Let j(y) = -y**2 + 6*y. Let o be j(6). Suppose -h = -5*n - 47, 5*h + 4*n = -o*n + 90. Suppose 4*a - h = k, -2*a + 0 = -3*k - 6. List the prime factors of a.
2, 3
Suppose -3*r + y - 15 = 4*y, -3*r = 5*y + 11. Let u = -4 - r. What are the prime factors of u?
3
Let j be 5*-1 + 2 + -1. Let p = -3 - j. What are the prime factors of -2 + (2 + 5)*p?
5
Let q be 40/(-1 - 1) - -2. Let j = q + 32. What are the prime factors of j?
2, 7
Suppose -c - 6 = -0*c. List the prime factors of (6/(-4))/(3/c).
3
Let m be (5/(-3))/(1/6). Let f = 3 - 6. Let l = f - m. List the prime factors of l.
7
Let q be 4 + -3 + 1 - 0. Let u(i) = -3*i**3 - 6*i**2 + 2. Let p(m) = m**3 + m**2 - 1. Let g(h) = -4*p(h) - u(h). List the prime factors of g(q).
2
Let o(p) = -9 - 4*p + p**2 + 6*p**2 + p**3 - p**2. What are the prime factors of o(-6)?
3, 5
Suppose -2*l - 590 = -7*l. List the prime factors of l.
2, 59
Suppose 70 = 3*r - 8*r. Let f = r - -26. List the prime factors of f.
2, 3
What are the prime factors of (-12)/9 + 1448/6 + -3?
3, 79
Suppose d = -2*d - 12, -4*v + 112 = 4*d. What are the prime factors of v?
2
Suppose 2*t = 10, -3*d + 40 = 2*d + 5*t. Suppose 54 = 5*m + 3*l, d*l + 21 = 3*m + l. What are the prime factors of m?
3
Let t = -5 + 11. Let k(b) = -b + 4. Let i be k(2). Suppose h = i*h - t. What are the prime factors of h?
2, 3
Let r(y) = y**3 - 2*y**2 + 5*y - 2. List the prime factors of r(4).
2, 5
Let o(t) = 58*t. Let d be o(-5). What are the prime factors of d/(-8) - (-2)/(-8)?
2, 3
Let j = 3 - 0. Let w(t) = -t**3 + 6*t**2 - 5*t + 3. Let f be w(5). Suppose -2 = 2*p - j*x, -2*x + 1 + f = 0. List the prime factors of p.
2
Suppose -3*i + 748 = 7*c - 11*c, -4*i - 4*c + 1016 = 0. What are the prime factors of i?
2, 3, 7
Let a(q) = q**2 - q + 5. Let u be a(0). Suppose 5*v = 2*l - 16, -u*v - 42 = -5*l + l. What are the prime factors of l?
13
Let n be (-230 + 6 + -3)*-1. Suppose -n - 7 = -6*l. List the prime factors of l.
3, 13
Let m(a) = -a**3 + a + 37. Suppose 5*t = 3*v + 6, 2*t - 2*v = -2*t + 4. List the prime factors of m(t).
37
Suppose -p + 12 = 2*z - 3*p, -2 = z + p. Suppose 5*j - 8 = 3*v + 4, -3*j - z*v = -11. What are the prime factors of j?
3
Suppose 12 = -0*j + 4*j. Suppose t + 2 = 0, 4*h + j*t - 32 + 2 = 0. List the prime factors of h.
3
What are the prime factors of (-19)/133 + 450/14?
2
Let f = -5 + 6. Let v = f + -6. Let p(u) = -u**3 - 5*u**2 - 3*u - 3. What are the prime factors of p(v)?
2, 3
Let x = -26 - -31. Suppose -b = x - 13. What are the prime factors of b?
2
Suppose 2*o - o - 38 = 0. What are the prime factors of o?
2, 19
Suppose -3*k + 8*k = 245. What are the prime factors of k?
7
Suppose 0 = -6*u + u + 4*n + 22, -3*u + 3 = n. Suppose -s + 15 - u = 0. Suppose -a + 7 = -s. List the prime factors of a.
2, 5
Suppose p = -2*w + 27, 0*w - 4*p - 60 = -4*w. What are the prime factors of w?
2, 7
Let q = 2 + 12. What are the prime factors of q?
2, 7
Let f(g) = -37*g - 55. List the prime factors of f(-8).
241
Let o = -25 + -28. Let f = o - -75. What are the prime factors of f?
2, 11
Let h(u) = -u**3 - 12*u**2 - 13*u - 11. Let t be (-22)/3*3/2. What are the prime factors of h(t)?
11
Let g(m) = -m + 14. Suppose 28 = -4*r - 116. Let i be 2/9 + (-352)/r. What are the prime factors of g(i)?
2
Let r(k) = 2*k - 4. Let q be r(-4). List the prime factors of (-2)/(-4)*q/(-1).
2, 3
Let w = 1 - -2. Suppose -d - 3*a + 25 = 0, 0 = -w*d + 2*a + 8 + 12. List the prime factors of d.
2, 5
Let k be -2 + 0 + 0 + 5. Suppose -40 = -k*x - 8*c + 3*c, 52 = 5*x + c. What are the prime factors of x?
2, 5
Let l = -2 + 17. Suppose l = 3*o - 2*o. Let w = 23 - o. What are the prime factors of w?
2
Let p(d) = 5*d**2 + d. Let k be p(1). Let n(t) = t - 2. Let x be n(k). Suppose -o - o = -x. What are the prime factors of o?
2
Let o(p) = -5*p - 3. List the prime factors of o(-3).
2, 3
Let o = 11 + -9. Suppose 0 = z + 3*g - 11, -2*z - o*g + 5*g = -40. List the prime factors of z.
17
Suppose 0 = -10*b + 13*b - 405. What are the prime factors of b?
3, 5
Suppose 4*j - o - 57 = 71, -j - 4*o = -32. What are the prime factors of j?
2
Let x(p) = -p**3 - 3*p**2 - 5*p - 6. What are the prime factors of x(-4)?
2, 3, 5
What are the prime factors of -1 + 3381/12 + 8/32?
281
Let i be (-2 - 2/4)*-2. Suppose -i*g - 24 = -2*p + 3, -3*g = -3*p + 27. List the prime factors of p.
2, 3
Let n(p) = 2*p - 3. Let h be n(3). Let s = h - 0. Suppose 8*y - s*y = 70. What are the prime factors of y?
2, 7
Suppose i + 2*i = 0. Let h(g) = -g**2 + 3. Let a be h(i). Suppose -a*v + v + 4*x = -56, -3*v = -3*x - 72. List the prime factors of v.
2, 5
Let q(a) = 14*a - 30. What are the prime factors of q(8)?
2, 41
Let i be -1 + 1 + (3 - -1). Suppose g + 60 = i*w, -45 = -3*w + 6*g - 2*g. What are the prime factors of (16/(-10))/((-6)/w)?
2
Let o(c) = -c - 16. Let v be o(6). Let z = -9 - v. What are the prime factors of z?
13
Suppose 4*w + 4*u = 304, 2*w - 4*w + 148 = u. What are the prime factors of w?
2, 3
Let l = 4 + -4. Suppose l*q - 3*q = -5*b - 2, -4*q = 4*b - 24. What are the prime factors of b?
2
Let u = -17 + 18. Suppose 17 = 3*t + 4*c, -2*t + t = -2*c + u. What are the prime factors of t?
3
Suppose -22 = -4*i - 2*h, -5*i + h = -4*h + 10. Let v(r) = 15*r - 5. List the prime factors of v(i).
2, 5
What are the prime factors of (3 - -1)*(-93)/(-6)?
2, 31
Suppose -z = -7 + 1. Let s be 36*(9/(-3) + 4). Suppose -2*b + s = z. List the prime factors of b.
3, 5
Let f(o) = o**3 + 6*o**2 + 6*o + 5. Let g be f(-5). Let h(r) be the third derivative of -r**4/24 + 5*r**3/3 - 24*r**2. List the prime factors of h(g).
2, 5
Suppose 0 = -2*i - 0*i + 5*h + 186, 5*h = -10. What are the prime factors of i?
2, 11
Suppose o + 9*o - 1480 = 0. What are the prime factors of o?
2, 37
Let p = 6 - 3. Let z = -2 - 2. List the prime factors of ((-2)/z)/(p/12).
2
Let l = -8 + 24. Let q = l - 10. Suppose -q = -3*x - 0. What are the prime factors of x?
2
What are the prime factors of (-1 - (4/1 - 6)) + 48?
7
List the prime factors of (2 - 1/(-1))/(3/64).
2
Let w = 4 + -8. Let c(n) = -2*n - 2. Let k be c(w). Let z = k - -4. List the prime factors of z.
2, 5
Let w(g) = 3 - 3 + 4*g**2 - g**2 + 4*g. List the prime factors of w(-3).
3, 5
Let v = 6 + -4. Suppose v*y = 3*x - 25, 0 = 2*y + 3*x - 5 + 12. Let w = y + 11. List the prime factors of w.
3
Let t = 28 - 4. Suppose -4*n - 5*f = -t, 1 = 2*n - f + 3. Suppose k - 5 = -n. List the prime factors of k.
2
Suppose -4*j + v + 4*v = -423, 5*v - 25 = 0. List the prime factors of j.
2, 7
Let d(i) = i**3 - 20*i**2 - 19*i - 9. What are the prime factors of d(21)?
3, 11
Suppose -s - 2*a + 62 = 4, -5*s - 3*a = -304. What are the prime factors of s?
2, 31
Let l(y) = -y**2 + 4*y - 1. Let a be l(5). List the prime factors of (3/a)/(2/(-24)).
2, 3
Let h = 68 + -33. Suppose 0*i - i = -90. Suppose -5*z + i = h. What are the prime factors of z?
11
Suppose 58 - 6 = u. What are the prime factors of u?
2, 13
Let y(a) = -a**2 - 18*a - 4. What are the prime factors of y(-6)?
2, 17
Let a = -23 - 4. List the prime factors of (-6)/